base 11, what is -5 - 35a4?
-35a9
In base 10, what is -320 - 2?
-322
In base 5, what is -14432 - -1?
-14431
In base 11, what is 5 + -213?
-209
In base 16, what is ee - 1?
ed
In base 12, what is -1 + 35b?
35a
In base 9, what is -3 + -5?
-8
In base 11, what is 45 + 30?
75
In base 14, what is -15da - -5?
-15d5
In base 9, what is -10 - -311?
301
In base 5, what is -4 + -30033?
-30042
In base 10, what is -1119 - -4?
-1115
In base 15, what is -3 - 624?
-627
In base 14, what is -5 + 16?
11
In base 15, what is -118a - -3?
-1187
In base 15, what is -1d - 2?
-20
In base 2, what is -101 + -1011110000111?
-1011110001100
In base 3, what is -12110 + -11?
-12121
In base 14, what is 5 - -24d?
254
In base 7, what is 2163 - 11?
2152
In base 15, what is 0 + e5?
e5
In base 16, what is 98c + -1?
98b
In base 3, what is 1021 - -12?
1110
In base 11, what is -1979 + -2?
-1980
In base 9, what is 5 - -173?
178
In base 9, what is 206 + 105?
312
In base 8, what is 2 + -335?
-333
In base 13, what is 2 - -257?
259
In base 9, what is -261 - 2?
-263
In base 15, what is -1 + -a7?
-a8
In base 16, what is 0 + 725?
725
In base 9, what is -5224 + 5?
-5218
In base 16, what is -2 + 13b9?
13b7
In base 3, what is 10011112121 - -10?
10011112201
In base 14, what is 5 + 51?
56
In base 4, what is -230020 - -10?
-230010
In base 2, what is -10001000 + 1001?
-1111111
In base 4, what is 330 - 112?
212
In base 2, what is 1000101111 - -100?
1000110011
In base 8, what is -10 - 56?
-66
In base 4, what is -1030 - -11?
-1013
In base 7, what is 12612 - 1?
12611
In base 5, what is 3 - -2143?
2201
In base 6, what is 0 + 42?
42
In base 11, what is 4 - -84?
88
In base 12, what is -5 - 37a?
-383
In base 9, what is -355 + 4?
-351
In base 3, what is 101 + -121?
-20
In base 6, what is 103 + 53?
200
In base 2, what is 1 + 100110110?
100110111
In base 13, what is 0 - -33?
33
In base 9, what is -78 - 3?
-82
In base 4, what is 2132 + -120?
2012
In base 10, what is 3 + 34?
37
In base 7, what is 5 + 130?
135
In base 10, what is 15 + 208?
223
In base 9, what is -61 + 5?
-55
In base 8, what is -4 + 535?
531
In base 15, what is -6 + cec?
ce6
In base 13, what is 0 + 4?
4
In base 3, what is 1020 + 20120?
21210
In base 3, what is -12 - 111?
-200
In base 8, what is -67 - 150?
-237
In base 16, what is 2e10 - -4?
2e14
In base 4, what is -11 - 10030?
-10101
In base 7, what is 14 + 2363?
2410
In base 5, what is 3 + 10343?
10401
In base 4, what is 0 - 1022?
-1022
In base 15, what is -5 + -a5?
-aa
In base 7, what is -161 + -63?
-254
In base 3, what is -11102 - -1?
-11101
In base 15, what is e - 6?
8
In base 13, what is 3 - -65?
68
In base 10, what is 0 + -23?
-23
In base 9, what is -41 + -18?
-60
In base 5, what is 0 + 2103?
2103
In base 12, what is a5b + 5?
a64
In base 6, what is 1 + 1212?
1213
In base 8, what is 101 + -1?
100
In base 4, what is 22 - 31100?
-31012
In base 16, what is 10 + -d?
3
In base 13, what is 2 + -750?
-74b
In base 2, what is -1000101011010 + 10?
-1000101011000
In base 2, what is 1000001110001 + -101?
1000001101100
In base 15, what is -3d2 + 4?
-3cd
In base 7, what is 1326 + 4?
1333
In base 11, what is 2a43 + -3?
2a40
In base 10, what is 104 + 4?
108
In base 11, what is 19 + -27?
-9
In base 10, what is -6 - 43?
-49
In base 12, what is -101 - 4?
-105
In base 12, what is 4 - -22?
26
In base 13, what is -41 + -19?
-5a
In base 8, what is 274 - -5?
301
In base 7, what is -132 - 12?
-144
In base 15, what is -18 + -80?
-98
In base 10, what is 6 + 29?
35
In base 8, what is 5 - -10211?
10216
In base 2, what is -11011 - -1000101?
101010
In base 13, what is -8 + -5a3?
-5ab
In base 9, what is -80 + 7?
-72
In base 6, what is 55 + 1233?
1332
In base 13, what is -2691 - -1?
-2690
In base 10, what is 6 + 544?
550
In base 11, what is -1 - -9a?
99
In base 15, what is -16 - 31?
-47
In base 2, what is 1111 + 10001011?
10011010
In base 5, what is -420 + 11?
-404
In base 2, what is 101111100 - 101?
101110111
In base 8, what is -34 - -26?
-6
In base 2, what is 100 - 100001010001?
-100001001101
In base 3, what is 12 - -10002?
10021
In base 5, what is 14214 + 103?
14322
In base 3, what is 220200 + -10?
220120
In base 2, what is 100000100100 + 101?
100000101001
In base 4, what is -320123 - -11?
-320112
In base 13, what is 1138 + -6?
1132
In base 12, what is -9 + 643?
636
In base 4, what is -13 + -12313?
-12332
In base 14, what is 2a + -16?
14
In base 13, what is 5 + -77?
-72
In base 3, what is -10000 - -2?
-2221
In base 6, what is 1 - 13?
-12
In base 2, what is 100000 - 11100011?
-11000011
In base 7, what is -21 - -606?
555
In base 11, what is -328 - 0?
-328
In base 9, what is -3 - 228?
-232
In base 3, what is 2 - -1210200?
1210202
In base 14, what is 5 - 4a?
-45
In base 13, what is -16 + -78?
-91
In base 7, what is -12 + -10?
-22
In base 11, what is 71 - -1?
72
In base 4, what is -1022 - 202?
-1230
In base 16, what is -15d9 + -4?
-15dd
In base 5, what is 13 + -203?
-140
In base 11, what is 25 - -2?
27
In base 2, what is -10110010100 + 100?
-10110010000
In base 15, what is 2b - 4?
27
In base 5, what is 311100 + 3?
311103
In base 13, what is 243 - 4?
23c
In base 10, what is -259 + 3?
-256
In base 11, what is 100 - 5?
a6
In base 9, what is -33 + -82?
-125
In base 11, what is 1 - 446?
-445
In base 15, what is 326 - 8?
31d
In base 16, what is 6 + -2a?
-24
In base 2, what is 110010 + 111?
111001
In base 3, what is 101120 + -1?
101112
In base 5, what is -121 - -3?
-113
In base 10, what is 66 - 4?
62
In base 16, what is 11 + 17?
28
In base 11, what is -5 - -55?
50
In base 15, what is 47 + -8?
3e
In base 4, what is 10103 + 3?
10112
In base 12, what is -86 - 5?
-8b
In base 3, what is 10 + 10222212?
10222222
In base 13, what is -93 - -4?
-8c
In base 11, what is 3 - -4498?
44a0
In base 12, what is 9b22 - 3?
9b1b
In base 7, what is -202 - 55?
-260
In base 4, what is 211 + -203?
2
In base 11, what is 143 - -9?
151
In base 2, what is 110 + 1001011?
1010001
In base 8, what is -44 + 7?
-35
In base 16, what is 3 - -1f?
22
In base 2, what is 11101110 - 111?
11100111
In base 13, what is 87 + -1?
86
In base 15, what is -5 - 3b?
-41
In base 4, what is -1122 + 201?
-321
In base 11, what is 40 + -33?
8
In base 11, what is -71 - 1?
-72
In base 8, what is 66 - -173?
261
In base 7, what is 513 - 0?
513
In base 15, what is -7 - 6?
-d
In base 5, what is -10 + -100?
-110
In base 8, what is -7764 - 4?
-7770
In base 6, what is 3 + -24051?
-24044
In base 8, what is 23 + 6?
31
In base 8, what is 5 - 302?
-275
In base 5, what is 0 - -144?
144
In base 4, what is 32 - 231?
-133
In base 16, what is -3df - 5?
-3e4
In base 12, what is 167 + 0?
167
In base 11, what is 543 + 4?
547
In base 5, what is -4 + -102?
-111
In base 7, what is -13 - 34?
-50
In base 12, what is -339 + 4?
-335
In base 12, what is 3 + 92?
95
In base 9, what is 2 - -624?
626
In base 16, what is 1 - -1a1?
1a2
In base 14, what is 4 + -cd?
-c9
In base 2, what is 11 + 1010100?
1010111
In base 5, what is -1 - 120?
-121
In base 4, what is -13 + -13213?
-13232
In base 2, what is 10100001111 - -1?
10100010000
In base 10, what is 4 + -7?
-3
In base 14, what is 26 + -8?
1c
In base 2, what is 110110101 + -100?
110110001
In base 14, what is -3 - 1a2?
-1a5
In base 6, what is -1 + 333?
332
In base 9, what is -3 + -13?
-16
In base 4, what is -31 + -2?
-33
In base 5, what is 13 - -20?
33
In base 4, what is -10 + 331223?
331213
In base 12, what is -28 + 5?
-23
In base 4, what is -110200 - 23?
-110223
In base 9, what is -1263 - 2?
-1265
In base 9, what is -5703 - 4?
-5707
In base 2, what is -1 - 100001?
-100010
In base 4, what is 1323 + -220?
1103
In base 7, what is -3 + -3032?
-3035
In base 6, what is 333 - -1?
334
In base 8, what is 1246 - 5?
1241
In base 14, what is -24 + -41?
-65
In base 5, what is -110 + 21?
-34
In base 4, what is 11 + -230223?
-230212
In base 12, what is 3 + 1b17?
1b1a
In base 12, what is 246 - -1?
247
In base 2, what is -11010001111 - -100?
-11010001011
In base 10, what is 298 - 61?
237
In base 2, what is 0 + 10110100?
10110100
In base 13, what is -1 + -3?
-4
In base 13, what is 8c8 - -2?
8ca
In base 12, what is -87b + -16?
-895
In base 10, what is -6 - 72?
-78
In base 15, what is 7 + -35?
-2d
In base 12, what is -8 + 1159?
1151
In base 13, what is 2 + 50?
52
In base 6, what is -5 + 215?